 - 2*k - 21 - 11 = 0, 5*t - k - 37 = 0. Determine p(t).
-8
Suppose -10 = -4*m - 2. Suppose 0 = 3*i + m*i. Let y(x) = -x**2 + x + 5. Determine y(i).
5
Suppose 5*a + 3*n + 50 = 8*n, 4*a = 2*n - 32. Let d(k) = 4*k**2 - 11*k**2 - k**3 - 6*k + 55 - 59. Determine d(a).
-4
Let f(m) = -m**2 - 3*m - 1. Let t be f(-4). Suppose -3*c = 3, -4*a - 2*c - 1 = -7. Let r(i) = 347 - 345 - i + a*i. Give r(t).
-3
Let r(x) be the third derivative of -x**5/12 - x**4/12 - x**3/2 - 352*x**2. What is r(-3)?
-42
Let w = -152 + 156. Let a(l) = 2*l + 5*l - 7*l - w + l. What is a(5)?
1
Let m(v) = -v - 1. Let r(b) = -b**2 - 8*b + 5. Let p be r(-8). Suppose 6*w = p*w + 7. Let z = w - 9. What is m(z)?
1
Let m(l) = l**3 + 7*l**2 - 9*l - 7. Suppose -y = 3*p + 20, -2*p = -2*y - 11 + 3. Let t be m(y). Let x(k) = 20*k**2 + 1. Calculate x(t).
21
Let n be (3 - 2)/((-1)/(-2)). Let a(c) be the third derivative of c**5/60 - c**4/12 + c**3/2 + 5*c**2 + 7*c. Determine a(n).
3
Let b(i) be the third derivative of 0*i + i**3 + 0 - 1/12*i**4 - 10*i**2. Determine b(-6).
18
Let x(y) be the first derivative of -y**2/2 - y - 4. Let r(o) = -14*o - 14. Let b(d) = -r(d) + 12*x(d). What is b(2)?
6
Let g be (-7)/((-14)/12) + (3 - 2). Let s(l) = 0 - 3 - 2*l**2 - 4*l + g*l. Give s(2).
-5
Let c(a) = a**3 - 1. Let q(n) = -6*n**2 - 5*n - 4. Let i = 8 + -5. Suppose -2*x + t + 2 = -i*t, 5*x = -5*t - 10. Let h(d) = x*c(d) + q(d). Determine h(-5).
-3
Let r(w) = -5*w - 7. Let j(d) = -22*d - 29. Let i(n) = 6*j(n) - 26*r(n). Calculate i(8).
-8
Let d(z) be the first derivative of -z**4/4 + z**3 + 10. Suppose 0*o - 11 = -4*h - o, 0 = 4*h - 3*o - 15. Determine d(h).
0
Let c(z) be the second derivative of z**6/720 + z**5/24 + z**4/12 + 2*z. Let x(h) be the third derivative of c(h). Let a = -812 - -808. Give x(a).
1
Let f(d) = 2*d - 2. Suppose -t = 2*t + 12. Let l be 14*(-2 - 10/t). Determine f(l).
12
Let n(u) = -u**2 + 5*u + 9. Let v be (-13)/52 - 2/(-8). Suppose -2*x + 0*x + 14 = v. Give n(x).
-5
Let q = -586 - -586. Let m(g) = -g**3 + g + 28. What is m(q)?
28
Let k(j) be the second derivative of -j**7/840 + j**6/90 + j**5/120 + 5*j**4/24 - 5*j**3/2 + 16*j. Let w(g) be the second derivative of k(g). Determine w(4).
9
Let v(l) = 2*l + 31. Let x be 0*41/(-164)*(-4)/(-2). What is v(x)?
31
Let f = 39 + -34. Let s(b) = -7*b + 6. Determine s(f).
-29
Let b = -2 + 1. Let q = b + 1. Let k(c) = -12*c + 3. Let n(u) = 7*u - 1. Let x(t) = -3*k(t) - 5*n(t). Determine x(q).
-4
Let y = 0 + -1. Suppose -13 = -0*h - 5*h - 3*d, -4*h + 24 = -d. Let c(g) = 6*g - 6. Let l(a) = a. Let r(q) = h*l(q) + y*c(q). Give r(6).
0
Let x(w) = -5*w + 1. Let m(s) = -6*s + 1. Let b(z) = 3*m(z) - 4*x(z). What is b(3)?
5
Let f(l) = l**3 - 35*l**2 - 38*l + 68. Let c be f(36). Let d(j) = -6*j - 23. What is d(c)?
1
Let o(h) be the third derivative of 0*h**4 - 2/3*h**3 + 1/60*h**5 + 12*h**2 + 0 + 0*h. Calculate o(-3).
5
Let w(d) = 22*d + 53. Let p(c) = -10*c - 24. Let k(g) = -9*p(g) - 4*w(g). Calculate k(6).
16
Suppose -3*y + 1 = -o + 3*o, -4*y - 4 = 0. Let f(q) = -q**3 + 4 - 28*q + 7*q**o - 3*q**2 + 70*q - 37*q. Let s(a) = a + 5. Let x be s(0). Calculate f(x).
4
Suppose 8*p - 230 = 6*p. Let b = p - 111. Let o(g) = g**2 - 2*g + 1. Give o(b).
9
Suppose -6*z + 5*z + 3 = 0. Suppose -3*l + z = 0, -4*g + 8 = 3*l + l. Let h(b) = b**3 - b**2 + b - 1. Give h(g).
0
Let j(u) = 2*u + 6. Let m be j(-3). Let y(z) = z**2 - z - 5. Calculate y(m).
-5
Let y(m) be the first derivative of -m**4/4 + 4*m**3/3 + 13*m**2/2 - 9*m - 15. Calculate y(6).
-3
Let y(t) = 28*t**2 - 3*t + 7 - 7 - 27*t**2. What is y(3)?
0
Let q(w) be the second derivative of w**4/4 + w**3/2 + 3*w**2/2 + 345*w. What is q(-2)?
9
Let o(w) = -w**2 + 6*w + 4. Let s = -6 + 3. Let d be 43/6 - s/(-18). Determine o(d).
-3
Suppose -5*w + 4*w - 2*j = -81, j - 378 = -5*w. Let f = w + -69. Let n(a) = -a + 6. What is n(f)?
0
Let z = -169 - -171. Let m(a) be the second derivative of -1/6*a**3 + 0 + a**2 - z*a. Give m(3).
-1
Suppose -4*h = 1 - 9. Suppose -h = -2*g - 8. Let b(z) = -5*z + 8. Let r(o) = 4*o - 7. Let j(n) = -5*b(n) - 6*r(n). What is j(g)?
-1
Let b = 3 - 2. Suppose 7 = 3*o - y - 5, -2*y - 6 = 0. Let h(l) = 0 + b + 2*l - 4*l + o*l. What is h(-1)?
0
Let t = 577 - 574. Let y(w) be the second derivative of 0*w**2 + 9*w - 1/12*w**4 - 7/6*w**t + 0. Calculate y(-4).
12
Let l(y) = -2*y + 2. Let r(m) = -2*m + 3. Let f(k) = -3*l(k) + 2*r(k). Let v(x) = x**2 - 12*x + 37. Let n be v(7). What is f(n)?
4
Let x(n) = -n**2 + n - 2. Let d(u) = 2*u**2 - 2*u + 11. Let f(z) = -d(z) - 6*x(z). What is f(3)?
25
Let r = -688 + 693. Let y(s) = s**3 - 4*s**2 - 3*s - 6. What is y(r)?
4
Let s = -272 - -276. Let q(b) = -b**3 + 4*b**2 - 4*b + 4. Give q(s).
-12
Suppose 33 = -0*w + 11*w. Suppose -2*x - 15 + w = 0. Let j(b) = 3*b. Let z(f) = -8*f + 1. Let d(u) = 11*j(u) + 4*z(u). What is d(x)?
-2
Let o(i) = i + 1334 + i - 663 - 651. Give o(-9).
2
Let z(j) = 6*j. Let l(k) be the third derivative of k**6/120 + 7*k**5/30 + k**4/2 - 7*k**3/3 - k**2. Let r be l(-13). What is z(r)?
-6
Let j(r) = 14 + 5 + 10 + 3*r. Let m be j(-9). Let h(d) = -3*d + 3. What is h(m)?
-3
Let o(y) = y**3 + 6*y**2 + 6*y - 5. Let t be o(-4). Let i(m) = 0*m**t - 67*m + 70*m + m**3 + 2*m**2. What is i(-2)?
-6
Suppose -4*t = -6*t. Suppose t = -0*k - 2*k + 2. Let w(y) = -11*y**2 + 12*y**2 + k - 1 + 5*y. Determine w(-4).
-4
Suppose -13*o + 23*o = 50. Let n(g) = 4*g - 2. What is n(o)?
18
Let b(j) be the first derivative of 7*j**3/3 + 5. Suppose -2*d - 5*o - 3 = -0*d, -d = 2*o. Let q be (1/(-3))/((-2)/d). Give b(q).
7
Let w be (2/4)/(10/(-40)*-2). Let g(d) = d. What is g(w)?
1
Let s = 103 + -94. Suppose 7*p - s*p = 10. Let k(a) = -a**3 - 5*a**2 + 4. Calculate k(p).
4
Let t(f) be the third derivative of -f**4/24 - f**3/6 - 3*f**2. Let s(u) = 4*u + 4. Let c(k) = s(k) + 5*t(k). What is c(6)?
-7
Let d(f) be the second derivative of f**3/6 - 3*f**2/2 + 23*f. Let i be ((-4)/6)/(12/(-72)). Calculate d(i).
1
Let i(n) = -10*n**2 - 2*n - 1. Let x(y) = -y - 28. Let k be x(-18). Let f be 6/k - 6/15. What is i(f)?
-9
Let k(b) = -b**2 - 3*b + 547. Let x be k(22). Let m(v) = 8*v**2 - 3. What is m(x)?
69
Let n = 21 - 19. Let q(o) = -3*o**2 - 3*o - 3. Let k(x) = -16*x**2 - 16*x - 16. Let a(h) = n*k(h) - 11*q(h). Calculate a(2).
7
Let b = 268 - 279. Let f(g) = -g**3 - 10*g**2 + 11*g - 5. Calculate f(b).
-5
Let p(l) = -l**2 + 9*l - 2. Let t = 8 - 7. Suppose 2*g - 15 = -t. Calculate p(g).
12
Suppose 88 = 2*c + 9*c. Let w(a) = -a**2 + 8*a + 1. Determine w(c).
1
Let f(b) = -18*b**2 + 1. Let x(l) = l**2 - 18*l + 66. Let a be x(13). Give f(a).
-17
Let y(x) = -x**2 - 6*x - 5. Let r be (-3 + 1 - -1)*-126. Suppose 0 = -4*z - 3*c - r, 27 = -4*z + 4*c - 85. Let v be 24/z*(-15)/(-2). Calculate y(v).
-5
Suppose 2*w + f - 11 = -3, f - 23 = -5*w. Let i(g) = 3 - 4*g**2 - 2 - 750*g**3 - g - 742*g**3 - 3*g + 1493*g**3. Calculate i(w).
6
Let s(v) = v**2 - 23*v - 2. Let n(l) = -2*l. Let t(w) = -18*n(w) + 2*s(w). Calculate t(5).
-4
Let v be (-2)/((-3)/(-4 + -2)). Suppose 0 = c - 4*o - 11 - 4, -5*o = -c + 18. Let m be v/6 + (-7)/c. Let w(b) = -b**2 - 5*b + 3. What is w(m)?
9
Let v(a) = -4*a**2 + 3*a - 9. Let d(r) = 3*r - 5*r**2 + 0 - 10 + 0*r. Let q = 434 + -428. Let u(x) = q*v(x) - 5*d(x). Give u(-4).
0
Let v(g) = g**2 + 10*g + 4. Let w be v(-10). Let x = w + 0. Suppose z = -z - x. Let a(l) = -l + 2. Give a(z).
4
Let v(a) = 7*a - 1. Let l(q) = -7 + 8 + 0*q + q - 2*q. Let j(i) = 5*l(i) + v(i). Give j(-5).
-6
Let k = -33 - -20. Let t = k - -14. Let f(n) = n**2 + 4*n**2 - 3*n**2 + t + 6*n - n**2. Determine f(-5).
-4
Let q(y) = -y**3 + 4*y**2 - 7*y - 10. Let o be (3 + -1)*(-2)/2. Let b(x) = -x**2 + 2*x + 3. Let s(w) = o*q(w) - 7*b(w). Let g = -47 + 49. Determine s(g).
11
Let o(d) = -d**2 - 3*d - 5. Let y(v) = 2*v**2 + 7*v + 9. Let h(n) = -5*o(n) - 2*y(n). Suppose -105*u + 54*u + 47*u = 0. Give h(u).
7
Let s(x) = 4*x**3 - 5*x**3 - 8 + 17 + 6*x + 8*x**2 + 4*x. What is s(9)?
18
Suppose 0*s + 15 = 3*s. Let j(t) be the third derivative of t**4/24 - 2*t**3/3 - 23*t**2 - 2. Calculate j(s).
1
Let h(x) be the second derivative of -x**3/3 + 17*x**2/2 - 38*x. Give h(12).
-7
Let a(h) be the second derivative of -1/3*h**3 - 5/2*h**2 - 29*h + 0. Determine a(-5).
5
Suppose 0 = -3606*p + 3599*p + 28. Let y(a) = 3*a**2 + 2*a. Give y